he units digit of 93888?
8
What is the tens digit of 34070?
7
What is the hundreds digit of 703?
7
What is the hundreds digit of 27986?
9
What is the hundreds digit of 967?
9
What is the thousands digit of 83144?
3
What is the hundreds digit of 1948?
9
What is the units digit of 883?
3
What is the tens digit of 1152?
5
What is the ten thousands digit of 123211?
2
What is the units digit of 13047?
7
What is the tens digit of 15342?
4
What is the hundreds digit of 4497?
4
What is the hundreds digit of 1960?
9
What is the units digit of 658?
8
What is the hundreds digit of 874?
8
What is the units digit of 43984?
4
What is the tens digit of 141270?
7
What is the units digit of 2332?
2
What is the tens digit of 8839?
3
What is the hundreds digit of 4992?
9
What is the thousands digit of 15741?
5
What is the tens digit of 2009?
0
What is the units digit of 22750?
0
What is the thousands digit of 5065?
5
What is the units digit of 115227?
7
What is the units digit of 24090?
0
What is the hundreds digit of 5536?
5
What is the tens digit of 12741?
4
What is the ten thousands digit of 17232?
1
What is the hundreds digit of 15293?
2
What is the hundreds digit of 633?
6
What is the tens digit of 12236?
3
What is the hundreds digit of 15372?
3
What is the tens digit of 785?
8
What is the thousands digit of 6554?
6
What is the units digit of 3238?
8
What is the units digit of 70447?
7
What is the tens digit of 2583?
8
What is the hundreds digit of 571?
5
What is the units digit of 157932?
2
What is the hundreds digit of 262?
2
What is the units digit of 390?
0
What is the hundreds digit of 34161?
1
What is the units digit of 85784?
4
What is the thousands digit of 1427?
1
What is the hundreds digit of 13372?
3
What is the ten thousands digit of 16354?
1
What is the hundreds digit of 29524?
5
What is the thousands digit of 22694?
2
What is the units digit of 772?
2
What is the thousands digit of 6726?
6
What is the units digit of 32986?
6
What is the thousands digit of 1726?
1
What is the tens digit of 40538?
3
What is the thousands digit of 7392?
7
What is the units digit of 100222?
2
What is the units digit of 244?
4
What is the units digit of 623?
3
What is the tens digit of 7873?
7
What is the thousands digit of 6942?
6
What is the tens digit of 3551?
5
What is the units digit of 1513?
3
What is the units digit of 22195?
5
What is the hundreds digit of 1269?
2
What is the tens digit of 932?
3
What is the hundreds digit of 211?
2
What is the hundreds digit of 876?
8
What is the units digit of 439?
9
What is the tens digit of 740?
4
What is the thousands digit of 3276?
3
What is the ten thousands digit of 22106?
2
What is the thousands digit of 1095?
1
What is the tens digit of 39116?
1
What is the ten thousands digit of 87604?
8
What is the hundreds digit of 880?
8
What is the hundreds digit of 461?
4
What is the units digit of 969?
9
What is the hundreds digit of 1374?
3
What is the thousands digit of 6138?
6
What is the thousands digit of 6895?
6
What is the hundreds digit of 2986?
9
What is the tens digit of 60280?
8
What is the tens digit of 23613?
1
What is the hundreds digit of 844?
8
What is the tens digit of 468?
6
What is the hundred thousands digit of 107054?
1
What is the tens digit of 237?
3
What is the thousands digit of 55957?
5
What is the units digit of 1575?
5
What is the thousands digit of 50808?
0
What is the hundreds digit of 854?
8
What is the hundreds digit of 5954?
9
What is the hundreds digit of 1412?
4
What is the thousands digit of 1593?
1
What is the hundreds digit of 13106?
1
What is the tens digit of 111?
1
What is the thousands digit of 1766?
1
What is the thousands digit of 3731?
3
What is the thousands digit of 55011?
5
What is the units digit of 2044?
4
What is the tens digit of 19937?
3
What is the units digit of 6702?
2
What is the thousands digit of 3638?
3
What is the hundreds digit of 34637?
6
What is the tens digit of 3374?
7
What is the tens digit of 668?
6
What is the thousands digit of 11007?
1
What is the hundreds digit of 1538?
5
What is the ten thousands digit of 14405?
1
What is the units digit of 836?
6
What is the thousands digit of 24224?
4
What is the thousands digit of 1963?
1
What is the tens digit of 420?
2
What is the units digit of 13204?
4
What is the tens digit of 23791?
9
What is the hundreds digit of 2570?
5
What is the hundreds digit of 5185?
1
What is the thousands digit of 1998?
1
What is the thousands digit of 21842?
1
What is the units digit of 115?
5
What is the hundreds digit of 3856?
8
What is the hundreds digit of 19569?
5
What is the units digit of 58371?
1
What is the hundreds digit of 530?
5
What is the units digit of 5679?
9
What is the units digit of 547?
7
What is the tens digit of 1141?
4
What is the units digit of 435?
5
What is the units digit of 594?
4
What is the thousands digit of 5854?
5
What is the hundreds digit of 5132?
1
What is the thousands digit of 2613?
2
What is the units digit of 4103?
3
What is the hundreds digit of 16373?
3
What is the units digit of 102455?
5
What is the tens digit of 1104?
0
What is the hundreds digit of 13822?
8
What is the tens digit of 40?
4
What is the hundreds digit of 9546?
5
What is the thousands digit of 59389?
9
What is the units digit of 4145?
5
What is the tens digit of 4240?
4
What is the thousands digit of 1841?
1
What is the thousands digit of 1633?
1
What is the units digit of 16581?
1
What is the tens digit of 1601?
0
What is the hundreds digit of 1024?
0
What is the tens digit of 896?
9
What is the hundreds digit of 294?
2
What is the thousands digit of 22951?
2
What is the hundreds digit of 11194?
1
What is the hundreds digit of 433?
4
What is the tens digit of 218?
1
What is the ten thousands digit of 84556?
8
What is the thousands digit of 14111?
4
What is the tens digit of 910?
1
What is the hundreds digit of 38801?
8
What is the thousands digit of 73685?
3
What is the tens digit of 13717?
1
What is the ten thousands digit of 91470?
9
What is the hundreds digit of 446?
4
What is the tens digit of 24552?
5
What is the units digit of 4081?
1
What is the hundreds digit of 11523?
5
What is the hundreds digit of 1675?
6
What is the units digit of 60614?
4
What is the tens digit of 29923?
2
What is the units digit of 378?
8
What is the units digit of 71667?
7
What is the hundreds digit of 6553?
5
What is the hundreds digit of 7270?
2
What is the units digit of 1126?
6
What is the hundreds digit of 145803?
8
What is the ten thousands digit of 15336?
1
What is the units digit of 2390?
0
What is the tens digit of 81336?
3
What is the units digit of 1320?
0
What is the hundreds digit of 4424?
4
What is the thousands digit of 92357?
2
What is the units digit of 15501?
1
What is the units digit of 5229?
9
What is the units digit of 742?
2
What is the ten thousands digit of 76861?
7
What is the tens digit of 754?
5
What is the thousands digit of 1570?
1
What is the hundreds digit of 2547?
5
What is the units digit of 1015?
5
What is the tens digit of 3867?
6
What is the tens digit of 1626?
2
What is the hundreds digit of 914?
9
What is the units digit of 1404?
4
What is the units digit of 10565?
5
What is the tens digit of 14289?
8
What is the hundreds digit of 19155?
1
What is the tens digit of 85?
8
What is the tens digit of 564?
6
What is the units digit of 9085?
5
What is the units digit of 102479?
9
What is the thousands digit of 1568?
1
What is the units digit of 29547?
7
What is the hundreds digit of 81487?
4
What is the thousands digit of 7297?
7
What is the hundreds digit of 23374?
3
What is the hundreds digit of 11404?
4
What is the tens digit of 49246?
4
What is the hundreds digit of 8310?
3
What is the tens digit of 122?
2
What is the tens digit of 41202?
0
What is the units digit of 57191?
1
What is the thousands digit of 1437?
1
What is the units digit of 5483?
3
What is the units digit of 12735?
5
What is the ten thousands digit of 158167?
5
What is the tens digit of 14958?
5
What is the units digit of 28208?
8
What is the hundreds digit of 2425?
4
What is the units digit of 802?
2
What is the tens digit of 19795?
9
What is the ten thousands digit of 49349?
4
What is the units digit of 3036?
6
What is the hundreds di